)/42. What is the highest common factor of 77 and c?
11
Let p(o) = 97*o - 470. Let i be p(5). Calculate the highest common factor of 39 and i.
3
Let q be (-3 - 4) + 1 - (3 + -30). What is the greatest common factor of 49 and q?
7
Suppose 57*r = 5679 + 21. Calculate the greatest common divisor of r and 320.
20
Let p(c) be the third derivative of -c**4/12 - c**3/6 + 4*c**2. Let y be p(-1). Suppose l = 31 + y. What is the greatest common divisor of 32 and l?
32
Let a(j) = -j**3 + 6*j**2 - 4*j + 9. Let z be a(6). Let i = z - -17. Calculate the highest common divisor of 2 and i.
2
Suppose 0 = -3*t - 2*r + 1056, 2*t + r = -0*t + 703. What is the highest common factor of 154 and t?
14
Let a = -4 + 7. Let w = -112 - -115. Suppose 36 + w = a*i. What is the highest common factor of i and 26?
13
Let h = -315 + 409. Calculate the greatest common divisor of 329 and h.
47
Let j(h) = 3*h**2 + 3*h - 3. Let n be j(2). Suppose -23 = d + 5*t, d - t = 5*d - 3. Suppose -51 = -d*q + n. What is the greatest common factor of q and 22?
11
Let j = 542 + -524. Calculate the highest common divisor of j and 1278.
18
Let m(p) = -p**3 - 6*p**2 + 5*p - 6. Let u be m(-7). Let l = 12450 - 12442. What is the highest common factor of l and u?
8
Suppose -54*y + 62*y - 728 = 0. What is the greatest common factor of 42 and y?
7
Let g(v) = v**3 + 2*v**2 - 5*v - 4. Let b be g(-3). Suppose 4*r - 42 = b*j, -4*r + 3*r = j - 15. What is the highest common divisor of 96 and r?
12
Suppose 39*h - 151 = -73. Let s(m) = -m**3 - 5*m**2 - 4*m + 6. Let f be s(-5). What is the greatest common divisor of f and h?
2
Let l = -20 + 120. Calculate the greatest common divisor of 40 and l.
20
Suppose 62 = l - 32. Let v = -84 + l. Calculate the greatest common factor of 40 and v.
10
Let i(l) be the first derivative of l**4/4 + 8*l**3/3 + 3*l**2/2 - 13*l - 20. Let w be i(-7). What is the greatest common factor of w and 5?
5
Let i(l) = l**2 - 15*l. Let w be i(15). Let c be 76/(-266) - (w - 646/7). Calculate the highest common divisor of 230 and c.
46
Let q(x) = -x**3 + 4*x**2 + 2*x - 5. Let z be q(4). Suppose t - 287 = -z*t + g, 0 = 4*g - 4. What is the highest common divisor of t and 12?
12
Let c = -23 + 43. Let y = -324 + 344. What is the greatest common factor of c and y?
20
Let q(k) = -k**2 + 5*k + 20. Let j be q(0). What is the highest common divisor of j and 460?
20
Let x(o) = -3*o**3 + 31*o**2 - 3*o - 21. Let w be x(9). What is the greatest common divisor of w and 12?
12
Let j(a) = -a**3 - 26*a**2 - 2*a + 213. Let o be j(-26). What is the greatest common factor of o and 106?
53
Let x(d) = d**3 - 18*d**2 - 17*d + 4. Let t be x(19). Calculate the highest common divisor of 28 and t.
14
Let u be (0 + 0)/(2 + (-15)/5). Suppose h + 6*h - 91 = u. Calculate the highest common factor of 26 and h.
13
Suppose 0 = -i + 5, -2*i = -s - 7 - 0. Suppose s*z - l = z + 19, 0 = -l + 1. What is the greatest common divisor of z and 15?
5
Let w be (-240)/9 + (-4)/(-6). Let d = w + 68. Calculate the greatest common factor of d and 28.
14
Suppose 15*c - c - 98 = 0. Calculate the highest common divisor of c and 35.
7
Suppose 5*w - 5*x = 1015 + 525, 0 = 5*w + 5*x - 1580. What is the highest common divisor of 273 and w?
39
Let m(d) = -d + 5. Let b be m(5). Suppose -4*o + 66 + 54 = b. Suppose 0 = -3*y + c + 20, 0*c = 4*y + 2*c - o. Calculate the greatest common divisor of 49 and y.
7
Let z be -2 + -44 - 1/(-1). Suppose -103*n + 1200 = -88*n. Let r = n + z. What is the greatest common factor of r and 315?
35
Suppose -7*p + 2086 - 294 = 0. What is the highest common divisor of p and 32?
32
Suppose -4*r - 307 = -5*k - 2*r, -3*k = r - 193. Suppose 0*w = -5*w + 35. What is the greatest common factor of w and k?
7
Suppose 0 = -4*b - 5*z + 7*z + 132, 154 = 5*b + 3*z. What is the greatest common factor of 464 and b?
16
Let w(b) = b**3 + 6*b**2 + 5*b - 4. Let d be w(-4). Suppose -4*f + 4*q = 4 + 8, -4*q = -20. Calculate the greatest common divisor of f and d.
2
Suppose -3*g + 359 = -4. Suppose -4*p + 169 = -11. Let y = 56 - p. Calculate the greatest common divisor of y and g.
11
Let b = -108 - -394. What is the greatest common divisor of b and 117?
13
Let x = 938 - -262. What is the highest common factor of 30 and x?
30
Let k = -502 - -942. Calculate the highest common factor of 8 and k.
8
Let c = 82 - 27. Let y = 32 - 31. Let a = 10 + y. Calculate the highest common divisor of c and a.
11
Let c = 81 - 79. Let a(m) = -11*m + 2. Let w(u) = -10*u + 2. Let l(k) = 3*a(k) - 4*w(k). Let p be l(c). Calculate the greatest common factor of p and 4.
4
Suppose 3*r = 2*s - 63, -3*r = 12*s - 13*s + 27. What is the greatest common divisor of s and 264?
12
Let z be 10/(2/2) - 4. Let o be 6/(-33) - 35/(-11). Suppose k + z = o*k. Calculate the greatest common divisor of 21 and k.
3
Suppose 0 = 39*a - 38*a - 48. What is the highest common divisor of a and 80?
16
Suppose l = 3*l - 14. Suppose -15*u - 34 = -17*u. Suppose 18 = l*s - u. Calculate the greatest common divisor of s and 1.
1
Suppose -3*y = -4*n + 201, -433*n = -436*n + 5*y + 159. Let c = -18 - -30. What is the greatest common factor of c and n?
12
Suppose 107 = 5*i - 3*y - 0*y, -2*i = 4*y - 48. Suppose -76 = -3*a - i. What is the greatest common divisor of a and 81?
9
Let g(f) = -2*f**2 + 13*f + 21. Let h be g(-11). Let j be h/(-20) - 2/10. What is the highest common divisor of 27 and j?
9
Suppose -2241 = -1060*b + 1051*b. Calculate the highest common factor of 83 and b.
83
Let a be (-2)/8 + (-20)/(-16). Suppose -2*k = -19 + a. Let i = 51 + k. Calculate the highest common factor of i and 20.
20
Suppose -4*a = -6*a. Suppose -3*l + 5*c + 45 = 2*l, a = 4*c + 12. What is the highest common divisor of l and 4?
2
Suppose 5*r = 0, -4*y + r + 1196 = -2*r. Suppose -20 = -4*b, -l + 3*l = 5*b + 1. What is the highest common divisor of y and l?
13
Let o be 1/(-3) - (2 - 50/6). What is the greatest common factor of 15 and o?
3
Suppose 0 = -3*p + 4*i - 0*i + 1092, -2*i = -2*p + 728. Calculate the highest common divisor of p and 28.
28
Suppose l = -4*c - 3*l + 192, c - 4*l - 48 = 0. Let q(h) = 2*h**3 - 44*h**2 + 2*h - 38. Let a be q(22). What is the greatest common divisor of a and c?
6
Let m be (27/(-12) - -2)/((-1)/(-4)). Let o be -16*(m - 0 - (14 + -14)). Calculate the greatest common divisor of o and 12.
4
Let w(a) = -198*a**2 + 1. Let c(i) = -i**2 - i + 1. Let q(l) = 2*c(l) - w(l). Let m be q(1). Let h = 363 - m. What is the greatest common factor of 24 and h?
24
Suppose 0 = 71*l - 47533 - 5078. Calculate the highest common divisor of l and 114.
57
Let p be -4 + 58/14 - (-842)/(-14). Let y be 2/(-6) + (-140)/p. What is the greatest common divisor of 7 and y?
1
Let h(a) = -3*a**3 + 3*a**2 + 2*a - 4. Let d be h(2). Let s be -3*1/(d/112). Calculate the greatest common factor of s and 224.
28
Let p(x) = 4 + 6 + x + 6 - 2. Let o be p(-11). Suppose -102 = -o*z + 69. Calculate the highest common factor of 38 and z.
19
Let w(r) = 5*r**2. Let s be w(-1). Suppose 9667*a = 9675*a - 200. What is the highest common factor of a and s?
5
Let g(w) = 2*w**2 + 2*w. Let s be g(-6). Let z = 1915 - 1903. Calculate the greatest common factor of s and z.
12
Let p(y) = -6*y**3 - y**2 + 2*y + 32. Let h be p(-5). What is the greatest common factor of 6 and h?
3
Let s(b) = -2*b**2 + 2*b + 14. Let h be s(-4). Let u be (h/(-52))/((-1)/(-86) - 0). What is the greatest common divisor of u and 301?
43
Let m = 858 - 837. Calculate the highest common divisor of 336 and m.
21
Let a(d) = -114*d - 478. Let f be a(-8). What is the greatest common factor of f and 186?
62
Let a be -2 + (21 - -2) + -3. Let l = -15 + a. Suppose l*w = -0*w + 24. Calculate the greatest common factor of w and 40.
8
Let h be 2/(-7) + 4/14. Let p(t) be the second derivative of -t**5/20 + t**3/6 + 5*t**2 - 10*t. Let c be p(h). What is the highest common factor of c and 25?
5
Let s be 3 + -1 - (-38 + 38). What is the greatest common factor of 10 and s?
2
Suppose -3*a = 6, -4*c + 2*a + 233 + 191 = 0. What is the greatest common divisor of c and 10?
5
Let t be (-1)/(-6) + (-5467)/(-462). Let f be 1 - (28 - -2)*1. Let y = f + 137. What is the highest common factor of y and t?
12
Suppose 4*i - 9*i = -415. Let c = i + -69. What is the greatest common divisor of 77 and c